{"id":5,"date":"2020-08-14T10:40:28","date_gmt":"2020-08-14T10:40:28","guid":{"rendered":"http:\/\/trenquelauquen.gov.ar\/musica\/?page_id=5"},"modified":"2021-02-24T15:51:47","modified_gmt":"2021-02-24T15:51:47","slug":"inicio","status":"publish","type":"page","link":"https:\/\/trenquelauquen.gov.ar\/musica\/","title":{"rendered":"Inicio"},"content":{"rendered":"<p>[et_pb_section fb_built=\u00bb1&#8243; admin_label=\u00bbAbout\u00bb _builder_version=\u00bb4.7.4&#8243; background_color=\u00bb#f6f0ee\u00bb min_height=\u00bb603.4px\u00bb custom_margin=\u00bb||-52px|||\u00bb custom_padding=\u00bb35px||0px|||\u00bb][et_pb_row column_structure=\u00bb2_5,3_5&#8243; make_equal=\u00bbon\u00bb _builder_version=\u00bb4.7.4&#8243; _module_preset=\u00bbdefault\u00bb custom_margin=\u00bb-47px|auto|-10vw|auto|false|false\u00bb custom_padding=\u00bb0px||0px||true|false\u00bb][et_pb_column type=\u00bb2_5&#8243; _builder_version=\u00bb4.7.4&#8243; _module_preset=\u00bbdefault\u00bb background_color=\u00bb#000000&#8243; custom_padding=\u00bb40px|40px|10vw|40px|false|true\u00bb custom_padding_tablet=\u00bb40px|40px|40px|40px|true|true\u00bb custom_padding_phone=\u00bb\u00bb custom_padding_last_edited=\u00bbon|tablet\u00bb][et_pb_text _builder_version=\u00bb4.7.4&#8243; text_font_size=\u00bb16px\u00bb text_line_height=\u00bb2em\u00bb header_2_font=\u00bbInria Serif|700|||||||\u00bb header_2_text_color=\u00bb#ffffff\u00bb header_2_font_size=\u00bb60px\u00bb header_2_line_height=\u00bb1.1em\u00bb custom_margin=\u00bb||||false|false\u00bb header_2_font_size_tablet=\u00bb30px\u00bb header_2_font_size_phone=\u00bb22px\u00bb header_2_font_size_last_edited=\u00bbon|desktop\u00bb locked=\u00bboff\u00bb header_2_2_font_size_tablet=\u00bb30px\u00bb header_3_2_font_size_tablet=\u00bb30px\u00bb header_4_2_font_size_tablet=\u00bb30px\u00bb header_5_2_font_size_tablet=\u00bb30px\u00bb header_6_2_font_size_tablet=\u00bb30px\u00bb header_2_2_font_size_phone=\u00bb22px\u00bb header_3_2_font_size_phone=\u00bb22px\u00bb header_4_2_font_size_phone=\u00bb22px\u00bb header_5_2_font_size_phone=\u00bb22px\u00bb header_6_2_font_size_phone=\u00bb22px\u00bb header_2_2_font_size_last_edited=\u00bbon|desktop\u00bb header_3_2_font_size_last_edited=\u00bbon|desktop\u00bb header_4_2_font_size_last_edited=\u00bbon|desktop\u00bb header_5_2_font_size_last_edited=\u00bbon|desktop\u00bb header_6_2_font_size_last_edited=\u00bbon|desktop\u00bb]<\/p>\n<h2>Banco de M\u00fasica Local<\/h2>\n<p>[\/et_pb_text][et_pb_image src=\u00bbhttp:\/\/trenquelauquen.gov.ar\/musica\/wp-content\/uploads\/marca-muni-footer.png\u00bb title_text=\u00bbmarca-muni-footer\u00bb _builder_version=\u00bb4.9.0&#8243; _module_preset=\u00bbdefault\u00bb custom_padding=\u00bb||89px|||\u00bb][\/et_pb_image][\/et_pb_column][et_pb_column type=\u00bb3_5&#8243; _builder_version=\u00bb4.7.4&#8243; _module_preset=\u00bbdefault\u00bb][et_pb_image src=\u00bbhttp:\/\/trenquelauquen.gov.ar\/musica\/wp-content\/uploads\/music-teacher_45.jpg\u00bb title_text=\u00bbmusic-teacher_45&#8243; _builder_version=\u00bb4.9.0&#8243; _module_preset=\u00bbdefault\u00bb custom_margin=\u00bb|-50%|-1px|-9.5%|false|false\u00bb custom_margin_tablet=\u00bb|0%||0%|false|true\u00bb custom_margin_phone=\u00bb\u00bb custom_margin_last_edited=\u00bbon|tablet\u00bb custom_padding=\u00bb||157px|||\u00bb][\/et_pb_image][\/et_pb_column][\/et_pb_row][et_pb_row custom_padding_last_edited=\u00bbon|desktop\u00bb _builder_version=\u00bb4.7.4&#8243; background_color=\u00bb#ffffff\u00bb z_index=\u00bb10&#8243; custom_margin=\u00bb-8px|auto|-70px|auto|false|false\u00bb custom_padding=\u00bb41px|60px|41px||true|false\u00bb custom_padding_tablet=\u00bb|30px|||true|false\u00bb custom_padding_phone=\u00bb|20px|||true|false\u00bb box_shadow_style=\u00bbpreset4&#8243; box_shadow_horizontal=\u00bb-30vw\u00bb box_shadow_vertical=\u00bb0px\u00bb box_shadow_color=\u00bb#ffffff\u00bb locked=\u00bboff\u00bb][et_pb_column type=\u00bb4_4&#8243; _builder_version=\u00bb4.2.2&#8243;][et_pb_text _builder_version=\u00bb4.9.0&#8243; _module_preset=\u00bbdefault\u00bb]<\/p>\n<p>Esta p\u00e1gina contiene material musical de artistas de nuestro distrito, El objetivo es que se pueda acceder al mismo en forma r\u00e1pida y sencilla<br \/>Solistas, grupos, bandas, coros y orquestas, entre otras posibilidades, se encuentran en este espacio que nace por una iniciativa de Pablo P\u00e9rez Zabala.<br \/>La Municipalidad la concreta y la pone a disposici\u00f3n de toda la<br \/>comunidad y de aquellas personas, en general, que est\u00e9n interesadas.<\/p>\n<p>[\/et_pb_text][\/et_pb_column][\/et_pb_row][\/et_pb_section][et_pb_section fb_built=\u00bb1&#8243; fullwidth=\u00bbon\u00bb _builder_version=\u00bb4.9.0&#8243; _module_preset=\u00bbdefault\u00bb custom_margin=\u00bb-19px|||||\u00bb custom_padding=\u00bb22px|||||\u00bb][et_pb_fullwidth_portfolio fullwidth=\u00bboff\u00bb include_categories=\u00bb,all\u00bb show_date=\u00bboff\u00bb _builder_version=\u00bb4.9.0&#8243; _module_preset=\u00bbdefault\u00bb portfolio_header_font=\u00bb|||on|||||\u00bb portfolio_header_font_size=\u00bb30px\u00bb width=\u00bb100%\u00bb custom_margin=\u00bb48px|||||\u00bb db_project_order=\u00bbrandom\u00bb border_width_all=\u00bb3px\u00bb border_color_all=\u00bb#FFFFFF\u00bb][\/et_pb_fullwidth_portfolio][\/et_pb_section]<\/p>\n","protected":false},"excerpt":{"rendered":"<p>Banco de M\u00fasica LocalEsta p\u00e1gina contiene material musical de artistas de nuestro distrito, El objetivo es que se pueda acceder al mismo en forma r\u00e1pida y sencillaSolistas, grupos, bandas, coros y orquestas, entre otras posibilidades, se encuentran en este espacio que nace por una iniciativa de Pablo P\u00e9rez Zabala.La Municipalidad la concreta y la pone [&hellip;]<\/p>\n","protected":false},"author":1,"featured_media":0,"parent":0,"menu_order":0,"comment_status":"closed","ping_status":"closed","template":"","meta":{"_et_pb_use_builder":"on","_et_pb_old_content":"","_et_gb_content_width":""},"_links":{"self":[{"href":"https:\/\/trenquelauquen.gov.ar\/musica\/wp-json\/wp\/v2\/pages\/5"}],"collection":[{"href":"https:\/\/trenquelauquen.gov.ar\/musica\/wp-json\/wp\/v2\/pages"}],"about":[{"href":"https:\/\/trenquelauquen.gov.ar\/musica\/wp-json\/wp\/v2\/types\/page"}],"author":[{"embeddable":true,"href":"https:\/\/trenquelauquen.gov.ar\/musica\/wp-json\/wp\/v2\/users\/1"}],"replies":[{"embeddable":true,"href":"https:\/\/trenquelauquen.gov.ar\/musica\/wp-json\/wp\/v2\/comments?post=5"}],"version-history":[{"count":22,"href":"https:\/\/trenquelauquen.gov.ar\/musica\/wp-json\/wp\/v2\/pages\/5\/revisions"}],"predecessor-version":[{"id":624,"href":"https:\/\/trenquelauquen.gov.ar\/musica\/wp-json\/wp\/v2\/pages\/5\/revisions\/624"}],"wp:attachment":[{"href":"https:\/\/trenquelauquen.gov.ar\/musica\/wp-json\/wp\/v2\/media?parent=5"}],"curies":[{"name":"wp","href":"https:\/\/api.w.org\/{rel}","templated":true}]}}